+ 14196431. Give s(114).
11
Let s(u) = -u**2 - 36*u + 40. Calculate s(-45).
-365
Let k(y) = y**3 + 8*y**2 - 2*y - 20. Calculate k(-4).
52
Let v(r) = -4079*r + 1260373. What is v(309)?
-38
Let l(m) = 489*m + 13666. Give l(-28).
-26
Let j(p) = -121628*p - 243246. Determine j(-2).
10
Let q(l) = 18654*l + 33129504. Give q(-1776).
0
Let d(x) = 92*x + 23275. What is d(-254)?
-93
Let j(f) = -561*f - 8953. Determine j(-16).
23
Let c(b) = 6327*b - 1733611. Give c(274).
-13
Let i(f) = -326*f - 134454. Determine i(-413).
184
Let n(h) = 56714*h + 566962. Give n(-10).
-178
Let k(x) = -63268*x - 2910329. Give k(-46).
-1
Let b(k) = 285*k + 9464. Give b(-33).
59
Let y(b) = 33200*b - 1128804. Give y(34).
-4
Let u(l) = 9470*l - 48343. Calculate u(5).
-993
Let t(z) = 103362*z + 1343699. What is t(-13)?
-7
Let m(u) = u**2 - 3704*u + 1832238. Give m(588).
30
Let o(n) = -12865*n + 347491. Determine o(27).
136
Let j(m) = -m**2 + 494*m + 9363. Calculate j(-18).
147
Let w(i) = -i**3 + 139*i**2 - 2088*i + 87081. What is w(128)?
41
Let u(l) = l**3 + 564*l**2 + 6602*l - 12109. What is u(-552)?
35
Let u(z) = 10*z**2 + 2287*z + 11624. Calculate u(-223).
-1087
Let o(q) = -14*q**3 - 366*q**2 - q + 1427. Calculate o(-26).
101
Let d(h) = 655*h + 31383. Give d(-48).
-57
Let v(p) = 18*p**2 - 1886*p + 34915. Give v(24).
19
Let l(y) = 2*y**2 + 134671*y + 1346504. What is l(-10)?
-6
Let h(j) = -j**2 - 37407*j + 711088. Determine h(19).
-6
Let j(p) = -51*p - 3451. Give j(-53).
-748
Let f(y) = 57851*y - 112. Give f(0).
-112
Let h(g) = -673*g - 42516. Determine h(-63).
-117
Let z(c) = 20*c**2 - 9292*c + 5612. What is z(464)?
44
Let d(f) = -318*f + 228959. Determine d(720).
-1
Let o(j) = 222*j - 6571. Determine o(27).
-577
Let l(b) = 4*b**2 - 427*b - 272437. Determine l(-213).
-10
Let h(o) = -2*o**3 + 6*o**2 + 382*o + 1351. Give h(-4).
47
Let i(z) = z**3 + 324*z**2 - 291*z + 11047. Determine i(-325).
-3
Let u(d) = 67*d**2 - 506*d - 1634. What is u(10)?
6
Let c(f) = f**3 - 19*f**2 + 298*f - 4922. Determine c(18).
118
Let x(j) = 4*j**2 + 1364*j - 51207. Determine x(-375).
-207
Let a(z) = -z**2 - 4523*z + 481207. What is a(104)?
-1
Let t(c) = -906*c - 22625. Determine t(-25).
25
Let v(b) = -6*b + 1144. Calculate v(-82).
1636
Let g(z) = 8*z**2 - 417*z + 455. Calculate g(54).
1265
Let m(s) = 30473*s - 914187. Calculate m(30).
3
Let a(j) = 35125*j - 175628. Calculate a(5).
-3
Let o(k) = 10060*k + 362166. Determine o(-36).
6
Let k(w) = 3*w**3 - 78*w**2 + 163*w - 533. Determine k(24).
-77
Let b(t) = t**3 + 129294*t**2 - 258599*t + 12. Determine b(2).
-2
Let u(c) = 17*c**2 + 4046*c + 4045. Determine u(-1).
16
Let z(w) = w**3 + 2*w**2 - 1010*w - 3944. Give z(-4).
64
Let x(w) = 58*w**2 + 365*w - 674. Calculate x(-8).
118
Let p(i) = -5*i**3 + 321*i**2 - 308*i + 15621. Calculate p(64).
5
Let j(n) = -n**3 + 451*n**2 + 1375*n - 5901. Give j(454).
1
Let g(z) = 3*z**3 - 909*z**2 - 10*z + 3318. What is g(303)?
288
Let n(v) = 17701*v + 389429. What is n(-22)?
7
Let m(h) = -2*h**3 - 38*h**2 - 33*h + 239. Calculate m(2).
5
Let y(x) = 2*x + 183. Determine y(-185).
-187
Let w(d) = -d**2 + 162238*d + 14934362. What is w(-92)?
2
Let c(x) = -12025*x + 553146. What is c(46)?
-4
Let b(r) = r**2 + 787*r - 452784. Determine b(386).
-6
Let r(u) = 2*u**3 + 1464*u**2 - 69939*u - 6979. What is r(-777)?
14
Let i(s) = 22418*s + 2196974. What is i(-98)?
10
Let g(m) = 51751*m - 258750. Give g(5).
5
Let t(p) = 46882*p - 1359615. Determine t(29).
-37
Let b(m) = 3865*m - 4221. Calculate b(1).
-356
Let f(p) = 4*p**2 + 352*p + 7679. Calculate f(-40).
-1
Let x(f) = -3601*f + 219724. What is x(61)?
63
Let o(i) = 116*i + 1648. Determine o(-13).
140
Let r(k) = -3*k**2 - 7580*k - 105519. Determine r(-14).
13
Let r(p) = -1630*p + 997543. Determine r(612).
-17
Let p(x) = -35*x**3 - 1847*x**2 + 412*x - 647. What is p(-53)?
-11
Let g(z) = -1839*z + 62503. Calculate g(34).
-23
Let x(n) = 202*n - 2833. Calculate x(9).
-1015
Let y(l) = -7*l**3 + 6*l**2 + 136*l + 49. What is y(5)?
4
Let k(d) = -2*d**2 + 695*d + 10584. Give k(362).
86
Let w(h) = 113*h + 1673. Calculate w(-19).
-474
Let p(u) = -u**3 + 62*u**2 + 762*u - 114. Calculate p(72).
2910
Let v(t) = -t**3 + 8*t**2 + 101*t - 1089. Give v(12).
-453
Let n(f) = f**2 + 861*f + 66655. What is n(-86)?
5
Let m(o) = 3*o**3 - 512*o**2 - 807*o + 20469. Determine m(172).
1
Let h(l) = 38*l**2 + 11615*l - 3986. Give h(-306).
-8
Let y(x) = 14*x**2 + 655*x + 7562. What is y(-22)?
-72
Let u(b) = 141*b**2 + 10851*b - 540. Determine u(-77).
-78
Let m(o) = -4*o**2 - 26*o + 3127. Determine m(25).
-23
Let y(r) = -8087*r + 40452. Give y(5).
17
Let z(n) = -11954*n**2 - 83676*n - 2. Calculate z(-7).
-16
Let c(q) = 2517*q + 2464. Determine c(-3).
-5087
Let w(x) = 3*x**3 - 42*x**2 - 201*x + 49. Give w(-6).
-905
Let o(i) = -174*i + 40226. Calculate o(231).
32
Let p(o) = 17498*o - 577459. Give p(33).
-25
Let c(u) = -1024*u - 144442. What is c(-141)?
-58
Let w(i) = -i**2 - 2379*i + 383. Give w(0).
383
Let f(z) = -58*z**2 - 5985*z - 11963. Give f(-2).
-225
Let p(v) = 60*v**2 + 4480*v + 50029. What is p(-61)?
9
Let t(u) = u**2 - 2574*u + 83831. What is t(33)?
-22
Let u(l) = 655*l + 260642. Give u(-398).
-48
Let k(l) = 104*l + 659. Calculate k(-6).
35
Let b(m) = -6*m**2 + 1020*m - 2493. What is b(166)?
1491
Let g(q) = 53*q**2 - 1995*q - 1998. Calculate g(-1).
50
Let h(w) = 5*w**2 - 39*w - 1057. Give h(19).
7
Let h(c) = 3*c**3 - 813*c**2 + 3195*c + 2406. What is h(267)?
3
Let b(g) = -1151*g - 30149. Calculate b(-26).
-223
Let n(k) = -k**2 + 6*k + 6572. Determine n(84).
20
Let u(p) = 46*p**3 - 6*p**2 + 7*p + 5. Calculate u(2).
363
Let s(g) = g**3 + 37*g**2 - 1103*g - 40811. Calculate s(-37).
0
Let o(m) = m**2 - 93*m - 6491. Determine o(-49).
467
Let v(z) = z**3 - 9*z**2 + 62*z - 619. What is v(9)?
-61
Let z(i) = 856*i - 85601. Give z(100).
-1
Let k(t) = 36528*t + 5369596. Calculate k(-147).
-20
Let l(n) = 209*n - 2563. Calculate l(15).
572
Let v(a) = -a**2 - 8*a + 713. Calculate v(-30).
53
Let f(y) = 22*y**2 - 1093*y + 211. What is f(49)?
-524
Let l(w) = 2*w**3 + 10*w**2 + 87*w - 9. What is l(-8)?
-1089
Let x(b) = 27309*b + 273184. Determine x(-10).
94
Let w(n) = 4*n**3 + 12*n**2 + 42*n + 128. What is w(-3)?
2
Let j(z) = -z**3 + 217*z**2 - 655*z + 2952. Determine j(214).
170
Let v(p) = -p**3 + 119*p**2 - 826*p + 4709. Calculate v(112).
5
Let w(x) = -x**3 - 5*x**2 + 825*x - 534. What is w(26)?
-40
Let i(j) = 10*j**2 - 13161*j - 65829. Determine i(-5).
226
Let d(p) = -23*p**3 + 18*p - 37. Calculate d(3).
-604
Let v(i) = -i**3 + 112*i**2 - 2551*i + 1271. Give v(31).
31
Let i(f) = 2*f**3 - 225*f**2 - 590*f + 1753. Determine i(115).
28
Let z(y) = y**3 + 2*y**2 - 20*y - 11. What is z(-5)?
14
Let k(o) = 3*o**2 - 308*o - 24718. What is k(-53)?
33
Let v(p) = -157*p**3 - 5*p**2 - 15*p - 9. What is v(-1)?
158
Let p(o) = -3*o**3 + 157*o**2 + 1204*o - 258. What is p(-7)?
36
Let s(y) = -26*y**2 + 2291*y + 30. Give s(88).
294
Let q(d) = 3*d**2 + 1106*d + 2205. Give q(-2).
5
Let c(m) = 4*m**3 + 129*m**2 - 247*m - 309. What is c(-34)?
-3
Let d(n) = -426*n + 115004. What is d(270)?
-16
Let p(t) = -11045*t + 11029. Give p(1).
-16
Let a(k) = -1067*k**3 - 70*k**2 + 74*k - 6. Give a(1).
-1069
Let c(i) = 10*i**3 + 10*i**2 + 188*i + 1428. What is c(-7)?
-2828
Let i(s) = 8*s**2 + 1341*s + 34739. Calculate i(-32).
19
Let l(g) = -92*g**2 - 20516*g + 10. Calculate l(-223).
10
Let s(c) = 13*c**3 - 508*c**2 + 44*c - 201. Calculate s(39).
-6
Let n(t) = t**3 - 95*t**2 + 1065*t - 5321. Determine n(83).
406
Let u(y) = 984424*y - 4922113. What is u(5)?
7
Let l(n) = n**2 - 265*n + 11993. What is l(58)?
-13
Let y(w) = -3658*w + 25468. Determine y(7).
-138
Let q(p) = 2*p**3 + 40*p**2 - 154*p + 10. What is q(4)?
162
Let x(v) = -12*v**2 + 18050*v - 72186. Determine x(4).
-178
Let h(f) = 34326*f - 34325. Determine h(1).
1
Let x(v) = 2*v**3 + 13*v**2 - 39*v + 6. Determine x(0).
6
Let w(n) = 5957*n - 35252. What is w(6)?
490
Let a(i) = -i**3 - 17*i**2 - 25*i - 130. Calculate a(-14).
-368
Let r(a) = 70*a**2 + 2072*a + 1178. Calculate r(-29).
-40
Let h(x) = -2*x**3 - 339*x**2 + 245*x + 12792. Determine h(-170).
42
Let m(r) = 427*r + 11144. Calculate m(-26).
42
Let s(p) = -p**2 + 33*p + 249. Give s(36).
141
Let u(x) = -x**2 - 162*x + 17611. Determine u(-233).
